 233*n - 225*n - q = 0. Is n composite?
False
Suppose 23*l = 9*l. Suppose 5*i - 15 = 0, l*j + 5*i + 83141 = 4*j. Is j a prime number?
True
Is (-45335)/(-15)*(-132)/(-4) composite?
True
Let o(k) = 6*k**2 - 71*k - 11. Let t be o(30). Let c = 4626 - t. Is c prime?
True
Let m be (-30)/70 - (-15588)/14. Suppose 7*h - 5950 = m. Is h composite?
False
Let m be (-6 - (-1 + -2)) + 9. Let c(n) = n**2 - 5*n - 2. Let i be c(m). Suppose 0 = -4*k - i*p - p + 632, -2*p = -4*k + 632. Is k a composite number?
True
Let j(o) = 52*o**2 - o - 34. Let r be -4 + 21/(-7) - -18. Is j(r) a composite number?
False
Let w = 3549 + 2541. Let v = 13729 - w. Is v a composite number?
False
Let r be (2 - -2) + 40914 + -25. Suppose 19*k - r = 19204. Is k a composite number?
False
Let m = -73 - -81. Is ((-633)/(-6))/(m/80) prime?
False
Let m(j) = -2367*j - 1133. Is m(-30) a prime number?
True
Is 524612/44 + (-70)/5 prime?
True
Suppose -4*f + y - 137 = 0, 5*y = -0*y + 25. Let z = f + 38. Suppose z*v - 8532 = -2467. Is v a prime number?
True
Suppose -w + 199 = 78. Suppose -2*y + 3856 = 544. Let m = y - w. Is m composite?
True
Let b(r) = 6*r + 4. Let m be b(0). Suppose -6*u + m = -u - g, -3*u - 20 = 5*g. Suppose u = -3*w + 3*d + 5634, 3*d - 2514 = -w - 616. Is w prime?
False
Let z be (44/121)/(2/22). Suppose 12516 = 4*o - 4*c, z*o - 2*c = 6830 + 5694. Is o composite?
True
Is ((-788)/(-72) + -11)*-2770311*6 prime?
True
Suppose 0 = 5*f - 15*s + 16*s - 70682, -28268 = -2*f - 2*s. Is f a prime number?
False
Let r be 6/21 + 1130/14. Suppose -2*g = g - 3*a - r, -3*g + 4*a = -79. Is (g/(-2))/((-7)/98) a prime number?
False
Suppose -4792 = -z + 2*h, -7*h + 23885 = 5*z - 2*h. Suppose 2*p = -a + 11, 2*p = 3*a - 2*p + 7. Suppose -a*b - 3*b + z = 0. Is b prime?
True
Let x be (-1 - 1)/((-11)/22). Suppose w + 5*m = 804, 0 = -5*w + x*m - m + 4020. Is (w - -1) + 0 - -2 composite?
True
Let t = 31 + -25. Let n be 21/9 - (-4)/t. Is (-2)/n + 1810/6 prime?
False
Let s(f) = f**3 - 7*f**2 + 6. Let c be s(7). Let t(n) = -22 + 4*n - 22*n - 21*n - c*n. Is t(-7) prime?
True
Suppose -381384 = -47*a - 25*a. Is a composite?
False
Suppose 3*y = 80 - 71, -301991 = -4*z - y. Is z a composite number?
True
Let t(s) = 577*s + 20. Let n be t(-14). Let i = 23812 + n. Suppose -1964 + i = 10*g. Is g composite?
True
Let u(o) = 7*o**3 - 45*o**2 + 377*o - 133. Is u(31) prime?
False
Let m(y) = 5*y**3 + 9*y**2 + 32*y + 7. Let k(q) = -6*q**3 - 11*q**2 - 33*q - 7. Let s(o) = 6*k(o) + 7*m(o). Is s(-11) prime?
False
Let f = -19 + 23. Suppose f*x + 16 = 0, -2*g = -0*g - 3*x - 6754. Is g a composite number?
False
Let t = -10710 - -16145. Suppose -3699 = 2*i + 2*j + 2323, 3*i + 2*j + 9028 = 0. Let m = i + t. Is m a prime number?
False
Let n(p) = 51*p + 347. Is n(14) a composite number?
False
Let d(l) = l**3 + l**2 - 9*l + 9. Let o be d(-4). Let u(g) = -184*g**3 - 6*g**2 - 9*g - 23. Is u(o) composite?
True
Let w = 53 + -43. Suppose 128 = -2*b + w*b. Is (-1 + (-3420)/b)*-4 a prime number?
True
Suppose -2*f + 866628 = 5*o, 0 = 4*f + o - 1358842 - 374396. Is f prime?
True
Let q(o) = o**3 + o**2 - 38*o + 28. Let a be q(-7). Suppose 5*y = 4*r + 40, -2*y - 2*r - 3 = -1. Suppose 3*v - 12 = 7*v, a = y*n + v - 7265. Is n composite?
True
Suppose -a = -c - 17766 - 3942, a = -3*c + 21720. Is a a composite number?
True
Suppose 0 = 137307*u - 137324*u + 1234489. Is u a prime number?
True
Suppose -21*l = -480*l + 180045963. Is l a prime number?
False
Suppose 32 = 56*z - 1872. Suppose 39*g = z*g + 5, -2*r - 2*g + 22928 = 0. Is r a composite number?
True
Is 70/25 + -2 - (-740328)/40 a prime number?
False
Let f = 28 + -95. Let o = f - -65. Is (-5)/(-10) - (o - (-1053)/(-2)) composite?
True
Let y = 58877 - 34634. Suppose 2079 = -4*j + y. Is j prime?
False
Let x(a) = 17288*a + 99. Is x(3) a composite number?
True
Let s = -262995 - -477196. Suppose -s + 712 = -27*a. Is a composite?
False
Suppose -2*i + 5*p = -48149 - 40903, -3*p = 4*i - 178130. Is i composite?
False
Let v(g) be the first derivative of 732*g**3 - g - 125. Is v(-1) prime?
False
Suppose 5*w - 14 = 3*r + 11, -4*r - 10 = -2*w. Suppose -4*k - s - s + 44274 = 0, 2*s + 55365 = w*k. Is k a composite number?
False
Suppose 5*g - 51223 = 3*o, o = -g + 2794 + 7457. Is g a composite number?
False
Let t = -658213 + 1020912. Is t composite?
True
Let j = -885833 - -1363282. Is j composite?
True
Let h(f) = 3*f**2 + 3*f - 9. Let u be h(-3). Is 5755/2 - (u - 21/2) a composite number?
False
Suppose 3*t = -i + 14, -t + 6 + 6 = 4*i. Suppose -21*l + 1948 = -20*l - 5*k, 2*k = -t*l + 7770. Is l a composite number?
True
Let f(d) = 3149*d**3 + d**2 - 31*d + 257. Is f(6) prime?
True
Is (1875990/(-4) - -5)*(-164)/205 prime?
False
Suppose 6*w + w - 456729 = 0. Suppose -6*i + w - 2061 = 0. Is i prime?
True
Let b(q) = -102951*q + 271. Is b(-2) a composite number?
True
Let r(w) = -844*w. Let g be r(2). Let y be g/4*15/(-6). Suppose -4*p + y = p. Is p a composite number?
False
Let w(o) = -4*o - 11. Suppose 8*h + 28 - 4 = 0. Let f be w(h). Let z(y) = 798*y**3 + 3*y**2 - 3*y + 1. Is z(f) a prime number?
False
Suppose -5*s = 3*v - 31, -4*v = -2*s - 0 + 2. Suppose 0*f - 2*h - 12 = -2*f, 2*h + 4 = -v*f. Suppose -f*b = 3*u - 487, 0*b - 3*u + 236 = b. Is b composite?
False
Let o(i) = 33*i**3 + 8*i**2 - 3*i + 6. Let r be o(4). Suppose 3*m - 5181 = 3*v, -4*v - 4668 = 2*m + r. Let p = 2945 + v. Is p composite?
True
Suppose 118*c - 502*c = -130988928. Is c prime?
False
Suppose -18*v - 171 = -27*v. Suppose -330266 + 32707 = -v*n. Is n composite?
False
Let g = -22959 - -44426. Is g composite?
False
Suppose -50*v + 72*v + 7149130 = 212*v. Is v a composite number?
True
Suppose 107459 + 383580 = 5*t + 4*b, 0 = b - 1. Is t prime?
True
Suppose -4*z + 2*c = -188, -3*c - 235 = -5*z + 2*c. Let u = z - 47. Suppose 3*h - 1123 = -u*h - 2*v, -5*h + 1865 = 2*v. Is h a prime number?
False
Suppose 0 = -2*t - 2*d + 34, -22 = -3*t + 5*d - 3. Suppose 4*w + 9227 = 5*p, -4*w + t = 5. Is p composite?
False
Suppose 5*w - 542895 = 4*n, -1660*n = -4*w - 1662*n + 434342. Is w a prime number?
False
Suppose -2*x = 3*v - 12909, 10956 = x - 5*v + 4469. Let j(o) = 7*o**3 - 7*o**2 - 12*o - 5. Let i be j(-8). Let z = x + i. Is z composite?
False
Let i(h) = -192*h - 9. Let z be 15/(-12) - 19/4. Let t be i(z). Suppose 2*j + t = 5*j. Is j a prime number?
False
Suppose 2*m - 25 = -2*q - 9, -4*m = -3*q + 3. Suppose 0 = 3*f - 0*f - m*s - 19524, -5*s + 6514 = f. Is f a prime number?
False
Let j(v) = v**2 - 10*v + 12. Let u be j(8). Let y be (u/(-12)*0)/(-2). Suppose y = -3*r + 3530 + 193. Is r a prime number?
False
Let g be 1/(2 + (-130658)/65328). Let w(y) = -19*y - 264. Let k be w(-14). Is ((-1)/3)/(k*4/g) a prime number?
True
Suppose 0 = -4*y + 2*x - 7*x + 275980, 3*x - 12 = 0. Suppose 52*c - y = 42*c. Is c a composite number?
False
Let f(l) = l**2 - 21*l + 231. Let n be f(18). Suppose 2*w + 0*w + 16 = 3*p, -4*w - 26 = -3*p. Let b = p + n. Is b a prime number?
True
Let p = -11 - -20. Suppose 4*d = -5*s + 37164, 0 = -445*s + 447*s + 4*d - 14868. Suppose 0 = z - p*z + s. Is z a composite number?
False
Let s(r) = -6970*r - 3411. Is s(-11) composite?
False
Let j = 67724 - 35145. Is j a composite number?
False
Let k be (-1)/(-1) - (2 - 8)/3. Suppose u - 2866 = -r - 4*u, -k*r + 8542 = u. Is r a prime number?
False
Let j be 0/(1/(1/(-3))) + 1. Let p be -99*(j - -1)/(3 + 0). Let q = 47 - p. Is q composite?
False
Suppose 4*m = 5*y - 461403, y = -2*y - 5*m + 276827. Is y composite?
True
Let i be (-4)/(-12)*0 + -1 + 16. Is (i - 18)*(-1 - 766/3) composite?
False
Is (7 + 0 + -14)*-2111 a composite number?
True
Let p = -1128363 + 2775474. Is p a prime number?
False
Suppose p + 3*w - 16 = 0, -w = 2*p - 4*w + 4. Is (10427/p)/((-17)/(-68)) prime?
True
Suppose 3*h = -0*v + 2*v - 343, 25 = 5*h. Let y = 268 - v. Suppose -2*g + y = t, -3*t = 5*g - 2*g - 267. Is t composite?
False
Suppose -126 = -10*x - 866. Let v = x + 79. Let k(y) = 329*y - 14. Is k(v) a prime number?
False
Let d(v) = 5*v**3 + 3*v**2 + 1. Let x be d(2). Let h = 51 - x. Is -362*-2*(-1)/h prime?
False
Suppose -26*z + 2*t = -22*z - 354932, -4*z - t = -354932. Is z composite?
True
Let c(i) = -106*i + 41. Let a be c(-26). Let v = a - 744. Is v a prime number?
True
Let d(x) be the third derivative of 7*x**5/60 + x**4/2 - 19*